-8 + (-5 - (21 + -20)) + -1 + -1?
-16
Calculate 53 - 56 - (3 + -2).
-4
What is -5 - (-31 - 2) - 12?
16
Calculate 24 - (-2 + 1 - (-105 - -98)).
18
Calculate 2 - (10 + 6 + (-1 - (7 + 4))).
-2
Evaluate -10 + 1 - (-1179 - -1164).
6
Evaluate -44 + 56 - (-4 - (-4 + -24)).
-12
What is (-10 - 7) + -9 + 10 - (-1 + -1)?
-14
Calculate 7 + -34 + (12 - 0).
-15
-1 - ((6 - 5) + -6 + 32 + -3)
-25
24 + (-3 - -1) + 145 + -151
16
-9 + -6 + -2 + (-4 - -4 - -5)
-12
0 + -17 + 29 + 8 + -38
-18
What is the value of 5 - (-14 - (-7 - (3 + -9))) - 5?
13
Evaluate -20 + -11 - -36 - -11.
16
Evaluate (5 - 0) + -15 - (4 + -7).
-7
Evaluate 13 - ((9 - 15) + 15).
4
12 + (-32 - -53) + -5
28
(1 - 5) + -20 + 17
-7
Evaluate 2 - (-5 - -2) - 2 - -1.
4
Calculate 16 + 2 + (0 - (-5 + 16)).
7
Evaluate -12 + (0 - (0 - (12 + -7 + -4))).
-11
Calculate -15 + (24 + -15 - -16).
10
-11 - ((-5 - -13) + -21)
2
What is -9 - (-15 - (18 + -18))?
6
What is the value of 4 + -1 - (83 + -78)?
-2
What is 17 - (18 + -20 - -24)?
-5
What is 12 + (8 - (1 + -1 - (115 - 116)))?
19
What is -4 - (9 + -9) - (-1 + -2 + -2)?
1
What is the value of -7 + -6 + 14 - (-2 + -22 + -1)?
26
What is 5 + (17 - (11 + -3))?
14
What is 6 - 11 - (-10 - (-4 + 2))?
3
Evaluate (17 + 4 - 5) + -4.
12
Calculate 6 + 0 + -15 - (-46 - -31).
6
Calculate -20 + (33 - 42 - 5).
-34
What is the value of 20 + -53 - (-1 - 8)?
-24
Evaluate 26 + (11 - (5 - (0 - 13))).
19
What is (-53 - -21) + 5 + -5 + 14?
-18
Evaluate -7 - (-5 + -5 + 2).
1
Calculate 9 + 24 + (-36 - -20) - (1 + -1).
17
8 + (1 - (0 + 19)) + (4 - 8)
-14
What is 3 - (-30 + 29) - (-4 - 1)?
9
What is 3 - (-3 - -1) - (-15 - -9)?
11
What is the value of -1 + 17 - (-38 - -31)?
23
Evaluate -6 + ((-4 - (-2 - -2)) + 6 - 8).
-12
-43 + (4 - -29) - (-10 - (-1 + 1))
0
Evaluate (-8 - -16) + -21 + 12.
-1
Evaluate (-12 - (-3 - 2)) + 2 + 23 + -12.
6
What is the value of -1 - 1 - (-24 - (-107 - -110))?
25
Evaluate (1 - 0) + (-17 - (-3 - 22)).
9
Evaluate (-12 - 3) + -28 + (95 - 26).
26
(-7 - (13 + -3)) + 33 + 8
24
Calculate -39 + 38 - -40 - 33.
6
Evaluate -112 + 97 - (-3 - -1).
-13
7 - (-12 - (-5 + -2 + -4))
8
What is the value of 41 - (-13 - (-7 - 29))?
18
Calculate (-1 - -4) + (11 - 0 - 10).
4
3 + -4 + -3 + (-17 - (23 + -44))
0
Evaluate -3 + -9 + -1 + 7.
-6
-18 + 9 + 7 + (-6 - -6)
-2
-86 + 33 - (-9 + -14)
-30
Calculate 2 + 2 + -9 + (1 - -3) + 5.
4
What is 4 + (-11 - 4) - (2 - 0 - 4)?
-9
9 + 0 + (9 - (-9 - -44))
-17
Calculate -68 - -57 - (-4 + (1 - 2)).
-6
Evaluate 6 + (-30 + 13 - -15) + 6.
10
13 - (37 - 38 - -38)
-24
What is the value of (-25 - 4) + 17 - -15?
3
Calculate -2 + 20 - (18 - -22 - 49).
27
-20 - (-10 + -25 + -7)
22
Evaluate -4 + 1 + -1 + 21 + (-10 - -19).
26
What is -11 + 2 + -208 + 214?
-3
Calculate -1 + 3 + (-5 - -7) + (-5 - 4).
-5
What is the value of -22 + (5 - (-16 + 25))?
-26
What is the value of 41 - 3 - (-1015 - -1021)?
32
What is the value of -3 - (20 - 0) - -14?
-9
(-3 - -3) + 1 + -24 + -6 + 9
-20
Calculate 0 + 16 + -11 - (62 + -38).
-19
What is 0 + -2 + (35 - 43)?
-10
-4 + (-62 + 69 - (0 + 2 + 2))
-1
What is -56 + 25 + -12 - -24?
-19
What is -34 + 95 + -68 - (0 - 21)?
14
27 + -1 + -142 + 131
15
Evaluate (20 - (39 + 3)) + 18.
-4
What is 11 - (1 + -5 + 4 + -1 - -4)?
8
What is the value of (-4 - -3) + (-2 - 2 - (-49 + 32))?
12
What is the value of -38 + 49 - (0 - 1) - 40?
-28
(-15 + -14 - -5) + 10
-14
Evaluate (29 - 14) + -17 - -15.
13
What is -13 + 1 - (6 + (-25 - (-3 - 11)))?
-7
Calculate (-9 - 3 - -2) + -2 + -9 + 9.
-12
Calculate -12 + 18 + -9 - -1.
-2
What is (-8 - (-10 - -10)) + 19 + 2 + 0?
13
Evaluate 11 + -19 + (18 + 1 - 13).
-2
Evaluate -7 - (0 - (-2 - (2 + -29)) - 2).
20
Calculate 7 + (-30 - -26) + 16.
19
Calculate -30 - (27 - (86 - 17)).
12
Calculate -37 + 4 - -17 - -15.
-1
Evaluate (12 - 5) + 8 + -4 + -11.
0
Calculate (-5 + 11 - 18) + -12 + -9.
-33
(-2 - 12) + (-57 - -82)
11
2 + (-1 - -1) + (30 - 23)
9
Evaluate -4 - (2 + 6 + (-5 - 0)).
-7
What is 0 - -7 - (124 - 100) - -7?
-10
-17 + -5 + 22 + (-2 - -8) + -2
4
-18 + 21 + -6 + -7
-10
What is the value of 0 - (-1 - (-16 + (-3 - (3 + -8))))?
-13
Evaluate -79 - (34 + -75) - -3.
-35
Calculate -14 + -3 + (21 - 18) + 2.
-12
What is the value of 32 + (8 - 23) - (1 + -3)?
19
Calculate -3 + 24 + -26 + (-8 - 1).
-14
What is the value of 21 + (-1 - 16 - -22) + -2?
24
2 + (2 - 6) + (14 - 2)
10
-16 + (-47 - -30) + 21
-12
What is the value of (-3 - 1) + (344 - 326) + (-10 - -2)?
6
Calculate -3 + -8 + 11 - 4 - (-30 + 5).
21
What is the value of (-3 + 6 - -6) + (-16 - -26)?
19
Evaluate 6 + (-16 - -11) + -2 - (8 - -2).
-11
What is 1 + (1 - (0 + 6)) + (792 - 781)?
7
What is the value of 2 - (47 - 37) - -8?
0
12 + -1 - -3 - 14 - 13
-13
What is 11 - -1 - (60 - 59)?
11
Evaluate -2 - (-5 + 3) - ((3 - -2) + 2).
-7
Evaluate (47 - 22) + (8 - 12).
21
Calculate -2 - (6 - (-1 + 9)).
0
Calculate 24 + 23 + -38 - (-1 + 13) - -13.
10
Calculate 774 - 766 - (-3 + (1 - -2) + -7).
15
Evaluate 7 + -4 - 15 - (11 + -7).
-16
Calculate 75 + -61 + 3 + 0 + -8.
9
6 - ((-1 - -3 - 9) + -32 + 28)
17
What is the value of -16 - 0 - (-839 - -829)?
-6
What is (7 - -2) + (-25 - (-36 + 17))?
3
25 + (21 - 65) + (-3 - -1) + 2
-19
(-12 - 0) + -14 + 4 + 11
-11
What is the value of 7 + (-12 + (4 - -19) - (-1 - -1))?
18
1 + 21 + -18 + (3 + -3 - -2)
6
What is -168 - -157 - (-12 + 0)?
1
What is the value of (19 - 8) + (8 + 3 - 7)?
15
What is the value of -16 - (-6 + -4) - (-12 + -3 + 1)?
8
What is the value of -2 - (-4 + -15 + 11 + -4)?
10
What is -5 - -8 - -5 - 13 - -9 - 1?
3
(30 + -41 - -51) + -59
-19
What is the value of -9 + -6 - -14 - -15?
14
What is the value of -9 + (-12 - (-19 + -2))?
0
What is the value of -3 + (3 - (0 - -3)) + -26 + 14?
-15
What is the value of (4 + (-20 - -8) - -26) + 3?
21
What is (0 - (6 + -5 + 2)) + 13 + -2?
8
What is 2 + -8 + 9 + (-11 - 1)?
-9
What is the value of (-19 - (-24 - -13)) + 0 + -2 + 5?
-5
What is -1 - (-1 + -18 - -4) - -8?
22
What is 0 - (-4 - ((7 - 4) + -8)) - 1?
-2
What is 40 + -35 - (-10 + 9 - -14)?
-8
What is the value of (28 + 0 + 2 - 4) + -9?
17
Evaluate (17 - -2) + 40 + -59.
0
Evaluate 7 - (-1 - (-56 - -20)).
-28
What is the value of (33 - (0 - -39)) + 40?
34
-26 + -6 + 24 + -11
-19
5 - 2 - (-2 - (7 + -10)) - 27
-25
What is (-11 + 25 - -3) + -14 + 12?
15
-10 + (19 + 0 - (52 - 63))
20
16 + (25 - 38 - 3)
0
What is the value of -1243 + 1230 - (-30 + (1 - 2))?
18
What is 19 + (-23 - 28) - (3 - 9)?
-26
Calculate -12 - (-18 + 39 + -20).
-13
Evaluate 21 + ((-7 - 3) + -1 - (-3 - -2)).
11
What is the value of 2 + -5 - 24 - -18?
-9
Evaluate 23 + -1 - (48 - 37 - 2).
13
What is the value of -4 - (9 - 10) - (0 + 20)?
-23
What is the value of 74 + -73 + (-8 - -2) - (-2 + -27)?
24
Evaluate -3 - (26 + -20 - 13).
4
(79 + -32 - 36) + 15
26
6 - (-6 + 0 + 4 + -2 + -1)
11
Calculate 12 + (1 - 1) + 14 + -28 + 9.
7
Calculate -1 + (11 - 7) + -9 - -10.
4
-20 + 1 + (-87 - -89 - (12 - 0))
-29
What is 13 + (65 - 57 - (3 - -1))?
17
Evaluate 3 - -6 - (12 - (11 + -25)).
-17
Calculate (-3 - -16) + (-22 + 10 - -14).
15
What is the value of 11 + (1 - 2) + (-15 - -37)?
32
Calculate (-103 - -87) + (0 + 5 - 1).
-12
(2 - (-2 + 11)) + -8 + 19
4
Evaluate 5 + -3 - (-45 + 39 + 14 + 1).
-7
What is 19 - (-7 + (36 - 13))?
3
What is the value of 3 - (1 - -10) - (3 + -3 - 26)?
18
What is 65 - 67 - (-3 + 11)?
-10
What is (6 + 13 - 10) + -15?
-6
What is the value of -1 - (-15 - (-8 - 0) - -2)?
4
-6 + 0 + 6 + -5 + (-8 - -13)
0
What is the value of -28 - -46 - 55 - (-7 + -2)?
-28
What is the value of (1 - 3) + (-30 - -26) + 0 + 13?
7
What is 17 + (0 + (-9 - -26) - 5)?
29
Evaluate -125 + 125 + 10 + 0.
10
-1 + (15 + -8 - 3)
3
Evaluate -4 + 13 - 16 - -7.
0
Evaluate -21 - (-17 + -1) - (0 - 1).
-2
What is 0 - 2 - 0 - (-2 - -3)?
-3
Calculate -3 - 0 - (-32 - -17 - (-12 - -3)).
3
25 + 7 + -14 + -12 + (-1 - -1)
6
What is the value of (-1 - -5) + -7 + -2 - -1?
-4
Evaluate 4 + 3 - (-9 + -13).
29
Calculate -1 + 8 + 2 - (-2 - -7).
4
7 - (6 - 30 - -30)
1
What is the value of 11 + -33 + 4 + 19?
1
-11 - (-1 - ((-5 - -9) + -3 + 2))
-7
Calculate -3 + -11 + 3 + (95 - 90).
-6
What is the value of 14 + (-22 - (-3 + -22))?
17
What is 1 - 4 - (10 - ((15 - -10) + -14))?
-2
17 + 8 + -1 + -13
11
Calculate 8 + 6 + -6 + -12.
-4
What is the value of 12 + -18 + -20 - (0 - 0)?
-26
(3 - 6) + 23 + -6 - -4 - 4
14